 of 13363884 and 3870.
774
What is the highest common factor of 14014098 and 42?
42
What is the greatest common divisor of 813100536 and 2274?
2274
What is the greatest common divisor of 810 and 46030?
10
Calculate the greatest common divisor of 437082 and 8.
2
Calculate the greatest common factor of 1271620 and 2065840.
4340
Calculate the greatest common factor of 94054 and 2886.
74
Calculate the greatest common factor of 750 and 18537150.
150
Calculate the highest common factor of 39935406 and 506.
46
Calculate the highest common factor of 5384 and 9886370.
1346
What is the greatest common divisor of 1751423922 and 54?
18
Calculate the greatest common divisor of 216 and 65818791.
27
What is the highest common divisor of 2321 and 22651905?
211
Calculate the greatest common divisor of 65872134 and 1314.
1314
What is the greatest common factor of 101914211 and 7771?
409
Calculate the highest common factor of 3522 and 13059.
3
What is the highest common divisor of 720 and 19224720?
720
What is the highest common divisor of 962500 and 20713?
77
Calculate the highest common factor of 21655 and 32.
1
Calculate the greatest common divisor of 23142 and 1629726.
42
Calculate the greatest common factor of 242 and 4404037.
121
What is the greatest common divisor of 2073970 and 5024?
314
Calculate the highest common divisor of 6 and 178306.
2
What is the highest common factor of 101323548 and 1458?
162
What is the highest common factor of 1720723 and 58293?
2159
What is the greatest common factor of 36666 and 2789526?
582
Calculate the greatest common divisor of 116543 and 3409.
7
What is the greatest common factor of 3051 and 40203?
27
Calculate the highest common factor of 5751 and 32160586.
71
What is the highest common divisor of 164447296 and 6214?
6214
What is the greatest common factor of 33339670 and 10920?
910
What is the greatest common divisor of 16586762 and 296014?
3326
What is the greatest common divisor of 44 and 1437308?
4
Calculate the highest common factor of 3219 and 219336.
111
Calculate the highest common divisor of 76373 and 18126.
53
What is the highest common divisor of 85570 and 7548070?
1990
Calculate the greatest common divisor of 78870 and 22385.
55
What is the greatest common factor of 310399881 and 92?
23
Calculate the highest common divisor of 10923300 and 13356.
1908
Calculate the greatest common factor of 90 and 1788030.
90
Calculate the greatest common divisor of 49050 and 281550.
150
What is the greatest common divisor of 4528 and 620053?
283
Calculate the greatest common factor of 576924 and 143130.
2202
What is the highest common divisor of 34911545 and 75130?
3415
Calculate the greatest common factor of 2194 and 653.
1
Calculate the highest common divisor of 1473200 and 696.
232
What is the highest common divisor of 151463 and 4381?
13
What is the greatest common factor of 5793225 and 150?
75
Calculate the greatest common divisor of 159369 and 147021.
21
What is the highest common divisor of 84569 and 57?
19
What is the greatest common factor of 93364644 and 24?
12
What is the greatest common divisor of 5722542 and 2214?
54
Calculate the highest common divisor of 732 and 15320028.
732
Calculate the greatest common divisor of 192 and 3750656.
64
What is the greatest common factor of 78097653 and 1359?
1359
What is the greatest common factor of 1897784 and 16184?
56
What is the greatest common divisor of 2982429 and 2123?
193
What is the greatest common divisor of 11340 and 139876065?
2835
Calculate the highest common factor of 56561116 and 188.
188
What is the highest common divisor of 1467 and 87193753?
163
Calculate the highest common divisor of 3168 and 6989400.
792
What is the greatest common divisor of 427205 and 14405?
215
What is the greatest common divisor of 123163326 and 23166?
2574
Calculate the highest common divisor of 5593 and 14568449.
329
What is the greatest common factor of 37213233 and 1464?
183
Calculate the greatest common divisor of 145 and 275881263.
29
What is the greatest common divisor of 174052 and 16298492?
3284
Calculate the greatest common factor of 9364 and 536999649.
2341
Calculate the greatest common divisor of 15789 and 4309599.
57
Calculate the greatest common divisor of 5330 and 120796660.
410
What is the greatest common factor of 4572 and 32211?
9
What is the highest common divisor of 5124 and 171507966?
2562
Calculate the highest common divisor of 30 and 2156352.
6
What is the highest common divisor of 9 and 12975507?
9
What is the highest common divisor of 213956 and 224458?
178
What is the highest common factor of 151984 and 78719984?
2576
What is the highest common divisor of 901 and 1072994593?
901
Calculate the highest common divisor of 69 and 1727277.
69
Calculate the greatest common divisor of 517 and 632907.
11
What is the greatest common divisor of 59628582 and 208?
26
Calculate the greatest common factor of 2633944 and 2.
2
What is the highest common divisor of 6890905 and 22372?
329
Calculate the highest common divisor of 10434336 and 143.
11
What is the greatest common divisor of 3130 and 6705086?
626
What is the highest common factor of 23 and 10350391?
23
What is the highest common divisor of 350875 and 331226?
2807
Calculate the greatest common factor of 60245850 and 31066.
4438
Calculate the highest common factor of 476 and 251124.
68
Calculate the highest common divisor of 4107578 and 236.
2
What is the highest common factor of 5239 and 128323?
13
What is the highest common factor of 137655 and 16065?
315
Calculate the highest common divisor of 29884675 and 200.
25
What is the greatest common factor of 7428 and 1263?
3
What is the highest common divisor of 2530 and 978052?
46
What is the greatest common factor of 10 and 447994?
2
Calculate the greatest common factor of 2208703 and 7.
7
What is the highest common factor of 40 and 2440?
40
What is the highest common divisor of 21594329 and 1?
1
What is the greatest common factor of 3204 and 59196?
12
What is the highest common factor of 12 and 26652?
12
What is the highest common divisor of 1450 and 236438450?
1450
What is the greatest common factor of 435280647 and 411?
411
Calculate the highest common factor of 6 and 19310166.
6
Calculate the greatest common divisor of 22954601 and 21901.
181
Calculate the greatest common factor of 600 and 25956200.
200
What is the highest common divisor of 1117718 and 1624?
406
What is the greatest common divisor of 190 and 10479545?
95
Calculate the highest common factor of 8756037 and 105549.
453
What is the greatest common divisor of 202765 and 54955?
1895
What is the highest common divisor of 70604 and 324?
4
What is the greatest common factor of 2741544 and 45396?
468
Calculate the highest common divisor of 29157 and 8973.
3
Calculate the highest common factor of 5389 and 4146994.
317
What is the greatest common divisor of 144910442 and 92?
46
What is the greatest common factor of 4087295 and 10147?
139
What is the greatest common factor of 2328 and 324066?
6
What is the greatest common divisor of 29300 and 9415555?
1465
Calculate the greatest common factor of 25256 and 223454.
154
What is the greatest common divisor of 1478304 and 30444?
708
What is the highest common factor of 229547331 and 5751?
1917
Calculate the highest common divisor of 89 and 20987179.
89
Calculate the greatest common divisor of 6992 and 2128190.
874
What is the highest common divisor of 1625 and 8438875?
125
Calculate the highest common factor of 121347 and 110289.
291
Calculate the highest common divisor of 119381 and 35460008.
3851
What is the highest common factor of 1924 and 1131164?
148
What is the greatest common factor of 1 and 35782343?
1
Calculate the highest common divisor of 347935406 and 364.
182
Calculate the greatest common factor of 1168 and 2865688.
584
What is the highest common factor of 4516793 and 93?
31
Calculate the greatest common factor of 98826 and 43862.
182
What is the highest common factor of 44992 and 8968?
152
What is the highest common factor of 12 and 61852314?
6
What is the highest common factor of 6452816 and 8?
8
What is the highest common divisor of 674645036 and 872?
436
Calculate the highest common factor of 567 and 599977.
7
Calculate the greatest common di